{"id":20,"date":"2023-08-09T18:09:35","date_gmt":"2023-08-09T18:09:35","guid":{"rendered":"https:\/\/vanmieten-leipzig.de\/?page_id=20"},"modified":"2024-12-29T14:43:41","modified_gmt":"2024-12-29T14:43:41","slug":"ueber-uns","status":"publish","type":"page","link":"https:\/\/vanmieten-leipzig.de\/?page_id=20","title":{"rendered":"\u00dcber uns"},"content":{"rendered":"\t\t<div data-elementor-type=\"wp-page\" data-elementor-id=\"20\" class=\"elementor elementor-20\" data-elementor-post-type=\"page\">\n\t\t\t\t\t\t<section class=\"elementor-section elementor-top-section elementor-element elementor-element-d9b9dd7 elementor-section-full_width elementor-section-stretched elementor-section-height-default elementor-section-height-default\" data-id=\"d9b9dd7\" data-element_type=\"section\" data-e-type=\"section\" data-settings=\"{&quot;stretch_section&quot;:&quot;section-stretched&quot;}\">\n\t\t\t\t\t\t<div class=\"elementor-container elementor-column-gap-default\">\n\t\t\t\t\t<div class=\"elementor-column elementor-col-100 elementor-top-column elementor-element elementor-element-6bf32c8\" data-id=\"6bf32c8\" data-element_type=\"column\" data-e-type=\"column\">\n\t\t\t<div class=\"elementor-widget-wrap elementor-element-populated\">\n\t\t\t\t\t\t<div class=\"elementor-element elementor-element-07dd51b elementor-widget elementor-widget-image\" data-id=\"07dd51b\" data-element_type=\"widget\" data-e-type=\"widget\" data-widget_type=\"image.default\">\n\t\t\t\t<div class=\"elementor-widget-container\">\n\t\t\t\t\t\t\t\t\t\t\t\t<figure class=\"wp-caption\">\n\t\t\t\t\t\t\t\t\t\t<img decoding=\"async\" src=\"https:\/\/vanmieten-leipzig.de\/wp-content\/uploads\/2023\/08\/Foto-27.12.22-11-58-09.jpg\" title=\"\" alt=\"\" loading=\"lazy\" \/>\t\t\t\t\t\t\t\t\t\t\t<figcaption class=\"widget-image-caption wp-caption-text\">Mike<\/figcaption>\n\t\t\t\t\t\t\t\t\t\t<\/figure>\n\t\t\t\t\t\t\t\t\t<\/div>\n\t\t\t\t<\/div>\n\t\t\t\t\t<\/div>\n\t\t<\/div>\n\t\t\t\t\t<\/div>\n\t\t<\/section>\n\t\t\t\t<section class=\"elementor-section elementor-top-section elementor-element elementor-element-d86bc8c elementor-section-boxed elementor-section-height-default elementor-section-height-default\" data-id=\"d86bc8c\" data-element_type=\"section\" data-e-type=\"section\">\n\t\t\t\t\t\t<div class=\"elementor-container elementor-column-gap-default\">\n\t\t\t\t\t<div class=\"elementor-column elementor-col-100 elementor-top-column elementor-element elementor-element-822db7f\" data-id=\"822db7f\" data-element_type=\"column\" data-e-type=\"column\">\n\t\t\t<div class=\"elementor-widget-wrap elementor-element-populated\">\n\t\t\t\t\t\t<div class=\"elementor-element elementor-element-22bb513 elementor-widget elementor-widget-text-editor\" data-id=\"22bb513\" data-element_type=\"widget\" data-e-type=\"widget\" data-widget_type=\"text-editor.default\">\n\t\t\t\t<div class=\"elementor-widget-container\">\n\t\t\t\t\t\t\t\t\t<p><span style=\"font-weight: 400;\">Hallo, ich bin Mike und ich m\u00f6chte euch unsere Geschichte erz\u00e4hlen.<\/span><\/p>\n<p><span style=\"font-weight: 400;\">\u201cMan muss das Leben tanzen&#8221;, schrieb einmal Nietzsche. Wie passend, denn alles begann auf einem Festival im Jahr 2019.<br><\/span><span style=\"color: var( --e-global-color-text ); font-family: var( --e-global-typography-text-font-family ), Sans-serif;\">Dort wurde unser Traum, mit einem eigenen Camper zu reisen, wiederbelebt. Diesen Traum hatten Maria und ich schon seit vielen Jahren, aber wir haben ihn nie wirklich ausgesprochen. Immer wieder verschoben wir ihn mit dem Gedanken &#8220;irgendwann mal&#8221;. Kennt ihr das?<\/span><\/p>\n<p><span style=\"font-weight: 400;\">Doch auf dem Festival war es anders, wir beschlossen, dass es jetzt an der Zeit war, unseren Traum zu verwirklichen. Emma und Jonas, unsere beiden Kinder, waren von Anfang an begeistert.<br><\/span><span style=\"color: var( --e-global-color-text ); font-family: var( --e-global-typography-text-font-family ), Sans-serif;\">Wir begannen damit, all unsere Vorstellungen und W\u00fcnsche in einem Buch festzuhalten, um unsere Pl\u00e4ne f\u00fcr den Camper umzusetzen. Im November 2019 war es dann soweit, mit dem Kauf eines leeren VW Crafter starteten wir unser Projekt eigener Campervan.<br><\/span><span style=\"color: var( --e-global-color-text ); font-family: var( --e-global-typography-text-font-family ), Sans-serif;\">In unserer Stra\u00dfe wurde schnell klar, dass wir an unserem Camper arbeiteten, da immer wieder Nachbarn stehen blieben, um unseren Fortschritt zu begutachten. Jeder von uns hatte seine eigene Aufgabe, Jonas (gelernter Mechatroniker) k\u00fcmmerte sich um die Elektrik, Maria um die D\u00e4mmung und ich (gelernter Tischler) um alles, was mit Holz zu tun hatte. Auch Emma half flei\u00dfig mit. Nachdem der Camper fertiggestellt war, erhielten wir viel Lob und Anerkennung daf\u00fcr, wie sch\u00f6n er geworden war.<\/span><\/p><p><span style=\"color: var( --e-global-color-text ); font-family: var( --e-global-typography-text-font-family ), Sans-serif;\">W\u00e4hrend dieser Zeit entdeckte ich meine Leidenschaft daf\u00fcr, Dinge zu erschaffen, wieder und wie gl\u00fccklich mich das macht.<\/span><\/p><p><span style=\"font-weight: 400;\">Immer mehr Anfragen erreichten uns, ob man den Campervan mieten k\u00f6nne oder ob wir beim Ausbau eines anderen Vans helfen k\u00f6nnten.<br><\/span><span style=\"color: var( --e-global-color-text ); font-family: var( --e-global-typography-text-font-family ), Sans-serif;\">Das war der Startschuss f\u00fcr VANLEIH. Wir mieteten eine Halle, verfeinerten unser Ausbaukonzept und unsere Anspr\u00fcche an uns selbst wurden h\u00f6her. Die Vermietungen \u00fcberrollten uns f\u00f6rmlich.<\/span><\/p>\n<p><span style=\"font-weight: 400;\">Mittlerweile bauen wir nicht nur f\u00fcr uns und die Vermietung, sondern unterst\u00fctzen auch andere bei ihren Ausbauten. Unsere Motivation sind die gl\u00fccklichen Gesichter nach einer Reise oder einem fertiggestellten Projekt.<br><\/span><span style=\"color: var( --e-global-color-text ); font-family: var( --e-global-typography-text-font-family ), Sans-serif;\">Egal, ob du einen Camper bei uns mieten m\u00f6chtest oder wir dich bei deinem eigenen Ausbau unterst\u00fctzen d\u00fcrfen, wir sind f\u00fcr dich da, um deine Tr\u00e4ume, Reisen und Abenteuer zu verwirklichen.<\/span><\/p>\n<p><span style=\"font-weight: 400;\">Denn bei uns ist alles m\u00f6glich.<\/span><\/p>\t\t\t\t\t\t\t\t<\/div>\n\t\t\t\t<\/div>\n\t\t\t\t\t<\/div>\n\t\t<\/div>\n\t\t\t\t\t<\/div>\n\t\t<\/section>\n\t\t\t\t<\/div>\n\t\t","protected":false},"excerpt":{"rendered":"<p>Mike Hallo, ich bin Mike und ich m\u00f6chte euch unsere Geschichte erz\u00e4hlen. \u201cMan muss das Leben tanzen&#8221;, schrieb einmal Nietzsche. Wie passend, denn alles begann auf einem Festival im Jahr 2019.Dort wurde unser Traum, mit einem eigenen Camper zu reisen, wiederbelebt. Diesen Traum hatten Maria und ich schon seit vielen Jahren, aber wir haben ihn &hellip; <\/p>\n<p class=\"link-more\"><a href=\"https:\/\/vanmieten-leipzig.de\/?page_id=20\" class=\"more-link\">Mehr <span class=\"screen-reader-text\">\u00fcber &#8220;\u00dcber uns&#8221; <\/span>Lesen<\/a><\/p>\n","protected":false},"author":1,"featured_media":0,"parent":0,"menu_order":0,"comment_status":"closed","ping_status":"closed","template":"page-templates\/homepage-builder-bb.php","meta":{"inspiro_hide_title":false,"footnotes":""},"class_list":["post-20","page","type-page","status-publish","hentry"],"_links":{"self":[{"href":"https:\/\/vanmieten-leipzig.de\/index.php?rest_route=\/wp\/v2\/pages\/20","targetHints":{"allow":["GET"]}}],"collection":[{"href":"https:\/\/vanmieten-leipzig.de\/index.php?rest_route=\/wp\/v2\/pages"}],"about":[{"href":"https:\/\/vanmieten-leipzig.de\/index.php?rest_route=\/wp\/v2\/types\/page"}],"author":[{"embeddable":true,"href":"https:\/\/vanmieten-leipzig.de\/index.php?rest_route=\/wp\/v2\/users\/1"}],"replies":[{"embeddable":true,"href":"https:\/\/vanmieten-leipzig.de\/index.php?rest_route=%2Fwp%2Fv2%2Fcomments&post=20"}],"version-history":[{"count":17,"href":"https:\/\/vanmieten-leipzig.de\/index.php?rest_route=\/wp\/v2\/pages\/20\/revisions"}],"predecessor-version":[{"id":529,"href":"https:\/\/vanmieten-leipzig.de\/index.php?rest_route=\/wp\/v2\/pages\/20\/revisions\/529"}],"wp:attachment":[{"href":"https:\/\/vanmieten-leipzig.de\/index.php?rest_route=%2Fwp%2Fv2%2Fmedia&parent=20"}],"curies":[{"name":"wp","href":"https:\/\/api.w.org\/{rel}","templated":true}]}}

Über uns

<div data-elementor-type="wp-page" data-elementor-id="20" class="elementor elementor-20" data-elementor-post-type="page">
						<section class="elementor-section elementor-top-section elementor-element elementor-element-d9b9dd7 elementor-section-full_width elementor-section-stretched elementor-section-height-default elementor-section-height-default" data-id="d9b9dd7" data-element_type="section" data-e-type="section" data-settings="{&quot;stretch_section&quot;:&quot;section-stretched&quot;}">
						<div class="elementor-container elementor-column-gap-default">
					<div class="elementor-column elementor-col-100 elementor-top-column elementor-element elementor-element-6bf32c8" data-id="6bf32c8" data-element_type="column" data-e-type="column">
			<div class="elementor-widget-wrap elementor-element-populated">
						<div class="elementor-element elementor-element-07dd51b elementor-widget elementor-widget-image" data-id="07dd51b" data-element_type="widget" data-e-type="widget" data-widget_type="image.default">
				<div class="elementor-widget-container">
												<figure class="wp-caption">
										<img decoding="async" src="https://vanmieten-leipzig.de/wp-content/uploads/2023/08/Foto-27.12.22-11-58-09.jpg" title="" alt="" loading="lazy" />											<figcaption class="widget-image-caption wp-caption-text">Mike</figcaption>
										</figure>
									</div>
				</div>
					</div>
		</div>
					</div>
		</section>
				<section class="elementor-section elementor-top-section elementor-element elementor-element-d86bc8c elementor-section-boxed elementor-section-height-default elementor-section-height-default" data-id="d86bc8c" data-element_type="section" data-e-type="section">
						<div class="elementor-container elementor-column-gap-default">
					<div class="elementor-column elementor-col-100 elementor-top-column elementor-element elementor-element-822db7f" data-id="822db7f" data-element_type="column" data-e-type="column">
			<div class="elementor-widget-wrap elementor-element-populated">
						<div class="elementor-element elementor-element-22bb513 elementor-widget elementor-widget-text-editor" data-id="22bb513" data-element_type="widget" data-e-type="widget" data-widget_type="text-editor.default">
				<div class="elementor-widget-container">
									<p><span style="font-weight: 400;">Hallo, ich bin Mike und ich möchte euch unsere Geschichte erzählen.</span></p>
<p><span style="font-weight: 400;">“Man muss das Leben tanzen&#8221;, schrieb einmal Nietzsche. Wie passend, denn alles begann auf einem Festival im Jahr 2019.<br></span><span style="color: var( --e-global-color-text ); font-family: var( --e-global-typography-text-font-family ), Sans-serif;">Dort wurde unser Traum, mit einem eigenen Camper zu reisen, wiederbelebt. Diesen Traum hatten Maria und ich schon seit vielen Jahren, aber wir haben ihn nie wirklich ausgesprochen. Immer wieder verschoben wir ihn mit dem Gedanken &#8220;irgendwann mal&#8221;. Kennt ihr das?</span></p>
<p><span style="font-weight: 400;">Doch auf dem Festival war es anders, wir beschlossen, dass es jetzt an der Zeit war, unseren Traum zu verwirklichen. Emma und Jonas, unsere beiden Kinder, waren von Anfang an begeistert.<br></span><span style="color: var( --e-global-color-text ); font-family: var( --e-global-typography-text-font-family ), Sans-serif;">Wir begannen damit, all unsere Vorstellungen und Wünsche in einem Buch festzuhalten, um unsere Pläne für den Camper umzusetzen. Im November 2019 war es dann soweit, mit dem Kauf eines leeren VW Crafter starteten wir unser Projekt eigener Campervan.<br></span><span style="color: var( --e-global-color-text ); font-family: var( --e-global-typography-text-font-family ), Sans-serif;">In unserer Straße wurde schnell klar, dass wir an unserem Camper arbeiteten, da immer wieder Nachbarn stehen blieben, um unseren Fortschritt zu begutachten. Jeder von uns hatte seine eigene Aufgabe, Jonas (gelernter Mechatroniker) kümmerte sich um die Elektrik, Maria um die Dämmung und ich (gelernter Tischler) um alles, was mit Holz zu tun hatte. Auch Emma half fleißig mit. Nachdem der Camper fertiggestellt war, erhielten wir viel Lob und Anerkennung dafür, wie schön er geworden war.</span></p><p><span style="color: var( --e-global-color-text ); font-family: var( --e-global-typography-text-font-family ), Sans-serif;">Während dieser Zeit entdeckte ich meine Leidenschaft dafür, Dinge zu erschaffen, wieder und wie glücklich mich das macht.</span></p><p><span style="font-weight: 400;">Immer mehr Anfragen erreichten uns, ob man den Campervan mieten könne oder ob wir beim Ausbau eines anderen Vans helfen könnten.<br></span><span style="color: var( --e-global-color-text ); font-family: var( --e-global-typography-text-font-family ), Sans-serif;">Das war der Startschuss für VANLEIH. Wir mieteten eine Halle, verfeinerten unser Ausbaukonzept und unsere Ansprüche an uns selbst wurden höher. Die Vermietungen überrollten uns förmlich.</span></p>
<p><span style="font-weight: 400;">Mittlerweile bauen wir nicht nur für uns und die Vermietung, sondern unterstützen auch andere bei ihren Ausbauten. Unsere Motivation sind die glücklichen Gesichter nach einer Reise oder einem fertiggestellten Projekt.<br></span><span style="color: var( --e-global-color-text ); font-family: var( --e-global-typography-text-font-family ), Sans-serif;">Egal, ob du einen Camper bei uns mieten möchtest oder wir dich bei deinem eigenen Ausbau unterstützen dürfen, wir sind für dich da, um deine Träume, Reisen und Abenteuer zu verwirklichen.</span></p>
<p><span style="font-weight: 400;">Denn bei uns ist alles möglich.</span></p>								</div>
				</div>
					</div>
		</div>
					</div>
		</section>
				</div>

<p>Mike Hallo, ich bin Mike und ich möchte euch unsere Geschichte erzählen. “Man muss das Leben tanzen&#8221;, schrieb einmal Nietzsche. Wie passend, denn alles begann auf einem Festival im Jahr 2019.Dort wurde unser Traum, mit einem eigenen Camper zu reisen, wiederbelebt. Diesen Traum hatten Maria und ich schon seit vielen Jahren, aber wir haben ihn &hellip; </p>
<p class="link-more"><a href="https://vanmieten-leipzig.de/?page_id=20" class="more-link">Mehr <span class="screen-reader-text">über &#8220;Über uns&#8221; </span>Lesen</a></p>
